{"id":572,"date":"2018-12-11T23:42:44","date_gmt":"2018-12-11T23:42:44","guid":{"rendered":"http:\/\/www.repmaxint.com\/home\/?page_id=572"},"modified":"2018-12-12T00:03:40","modified_gmt":"2018-12-12T00:03:40","slug":"prevencion-de-formacion-de-hielo","status":"publish","type":"page","link":"https:\/\/www.repmaxint.com\/home\/equipamiento\/municipalcarretero\/prevencion-de-formacion-de-hielo\/","title":{"rendered":"Prevenci\u00f3n de Formaci\u00f3n de Hielo"},"content":{"rendered":"<h5><span style=\"color: #808080;\"><strong>Tecnologia anti hielo. Sistemas anti-escarcha de diversas capacidades volum\u00e9tricas.\u00a0<\/strong><\/span><span style=\"color: #808080;\">Principalmente utilizados en sectores donde requieren tratamiento preventivo debido a la presencia de humedad sobre la carpeta de rodamiento que se congela provocando la formacion de hielo negro.<\/span><\/h5>\n<h6><span style=\"color: #808080;\">De muy sencilla operaci\u00f3n desde el interior de la cabina de conducci\u00f3n, garantizan la perfecta distribuci\u00f3n del spray de salmuera.\u00a0En combinaci\u00f3n con la planta de producci\u00f3n de salmuera SB600 componen un equipo imbatible a la hora de trabajar contra el reloj. Equipos esparcidores de salmuera en spray, aut\u00f3nomos , para ser usados sobre pick ups y camiones de distintos portes de trabajo.<\/span><\/h6>\n<p><img loading=\"lazy\" decoding=\"async\" class=\"alignnone wp-image-447 size-full\" src=\"http:\/\/www.repmaxint.com\/wp-content\/uploads\/2018\/11\/invernal-prevencion-1.jpg\" alt=\"\" width=\"2000\" height=\"1343\" srcset=\"https:\/\/www.repmaxint.com\/home\/wp-content\/uploads\/2018\/11\/invernal-prevencion-1.jpg 2000w, https:\/\/www.repmaxint.com\/home\/wp-content\/uploads\/2018\/11\/invernal-prevencion-1-300x201.jpg 300w, https:\/\/www.repmaxint.com\/home\/wp-content\/uploads\/2018\/11\/invernal-prevencion-1-768x516.jpg 768w, https:\/\/www.repmaxint.com\/home\/wp-content\/uploads\/2018\/11\/invernal-prevencion-1-1024x688.jpg 1024w\" sizes=\"auto, (max-width: 2000px) 100vw, 2000px\" \/><\/p>\n<h5><span style=\"color: #808080;\"><strong>Planta de salmuera SB600 \u00ae 13 500 litros de producci\u00f3n de salmuera por hora.<\/strong> Utiliza sal a granel sin tratamiento alguno. Sistema de protecci\u00f3n de doble pared, evita derrames Producci\u00f3n y control manual o autom\u00e1tico. Tambi\u00e9n, unidades de bombeo en acero inoxidable.<\/span><\/h5>\n<hr \/>\n<div id='gallery-2' class='gallery galleryid-572 gallery-columns-1 gallery-size-full'><figure class='gallery-item'>\n\t\t\t<div class='gallery-icon landscape'>\n\t\t\t\t<img loading=\"lazy\" decoding=\"async\" width=\"2000\" height=\"865\" src=\"https:\/\/www.repmaxint.com\/home\/wp-content\/uploads\/2018\/11\/invernal-prevencion-2.jpg\" class=\"attachment-full size-full\" alt=\"\" aria-describedby=\"gallery-2-450\" srcset=\"https:\/\/www.repmaxint.com\/home\/wp-content\/uploads\/2018\/11\/invernal-prevencion-2.jpg 2000w, https:\/\/www.repmaxint.com\/home\/wp-content\/uploads\/2018\/11\/invernal-prevencion-2-300x130.jpg 300w, https:\/\/www.repmaxint.com\/home\/wp-content\/uploads\/2018\/11\/invernal-prevencion-2-768x332.jpg 768w, https:\/\/www.repmaxint.com\/home\/wp-content\/uploads\/2018\/11\/invernal-prevencion-2-1024x443.jpg 1024w\" sizes=\"auto, (max-width: 2000px) 100vw, 2000px\" \/>\n\t\t\t<\/div>\n\t\t\t\t<figcaption class='wp-caption-text gallery-caption' id='gallery-2-450'>\n\t\t\t\tPreparados para trabajo severo, con motor propio , con sistema hidr\u00e1ulico central. Equipos de funcionamiento el\u00e9ctrico.\n\t\t\t\t<\/figcaption><\/figure><figure class='gallery-item'>\n\t\t\t<div class='gallery-icon landscape'>\n\t\t\t\t<img loading=\"lazy\" decoding=\"async\" width=\"2000\" height=\"865\" src=\"https:\/\/www.repmaxint.com\/home\/wp-content\/uploads\/2018\/11\/invernal-prevencion-3.jpg\" class=\"attachment-full size-full\" alt=\"\" aria-describedby=\"gallery-2-451\" srcset=\"https:\/\/www.repmaxint.com\/home\/wp-content\/uploads\/2018\/11\/invernal-prevencion-3.jpg 2000w, https:\/\/www.repmaxint.com\/home\/wp-content\/uploads\/2018\/11\/invernal-prevencion-3-300x130.jpg 300w, https:\/\/www.repmaxint.com\/home\/wp-content\/uploads\/2018\/11\/invernal-prevencion-3-768x332.jpg 768w, https:\/\/www.repmaxint.com\/home\/wp-content\/uploads\/2018\/11\/invernal-prevencion-3-1024x443.jpg 1024w\" sizes=\"auto, (max-width: 2000px) 100vw, 2000px\" \/>\n\t\t\t<\/div>\n\t\t\t\t<figcaption class='wp-caption-text gallery-caption' id='gallery-2-451'>\n\t\t\t\tPreparados para ser montados sobre camiones medianos y o pick ups.\n\t\t\t\t<\/figcaption><\/figure>\n\t\t<\/div>\n\n","protected":false},"excerpt":{"rendered":"<p>Tecnologia anti hielo. Sistemas anti-escarcha de diversas capacidades volum\u00e9tricas.\u00a0Principalmente utilizados en sectores donde requieren tratamiento preventivo debido a la presencia de humedad sobre la carpeta de rodamiento que se congela provocando la formacion de hielo negro. De muy sencilla operaci\u00f3n desde el interior de la cabina de conducci\u00f3n, garantizan la perfecta distribuci\u00f3n del spray de<\/p>\n<div><a class=\"btn-filled btn\" href=\"https:\/\/www.repmaxint.com\/home\/equipamiento\/municipalcarretero\/prevencion-de-formacion-de-hielo\/\" title=\"Prevenci\u00f3n de Formaci\u00f3n de Hielo\">Read More<\/a><\/div>\n","protected":false},"author":1,"featured_media":0,"parent":190,"menu_order":0,"comment_status":"closed","ping_status":"closed","template":"page-templates\/sidebar-right.php","meta":{"footnotes":""},"class_list":["post-572","page","type-page","status-publish","hentry"],"_links":{"self":[{"href":"https:\/\/www.repmaxint.com\/home\/wp-json\/wp\/v2\/pages\/572","targetHints":{"allow":["GET"]}}],"collection":[{"href":"https:\/\/www.repmaxint.com\/home\/wp-json\/wp\/v2\/pages"}],"about":[{"href":"https:\/\/www.repmaxint.com\/home\/wp-json\/wp\/v2\/types\/page"}],"author":[{"embeddable":true,"href":"https:\/\/www.repmaxint.com\/home\/wp-json\/wp\/v2\/users\/1"}],"replies":[{"embeddable":true,"href":"https:\/\/www.repmaxint.com\/home\/wp-json\/wp\/v2\/comments?post=572"}],"version-history":[{"count":3,"href":"https:\/\/www.repmaxint.com\/home\/wp-json\/wp\/v2\/pages\/572\/revisions"}],"predecessor-version":[{"id":578,"href":"https:\/\/www.repmaxint.com\/home\/wp-json\/wp\/v2\/pages\/572\/revisions\/578"}],"up":[{"embeddable":true,"href":"https:\/\/www.repmaxint.com\/home\/wp-json\/wp\/v2\/pages\/190"}],"wp:attachment":[{"href":"https:\/\/www.repmaxint.com\/home\/wp-json\/wp\/v2\/media?parent=572"}],"curies":[{"name":"wp","href":"https:\/\/api.w.org\/{rel}","templated":true}]}}